{"id":15,"date":"2014-07-21T13:49:00","date_gmt":"2014-07-21T11:49:00","guid":{"rendered":"http:\/\/www.rage-holm.de\/\/?page_id=15"},"modified":"2020-03-13T12:15:35","modified_gmt":"2020-03-13T11:15:35","slug":"impressum","status":"publish","type":"page","link":"http:\/\/proof-bar.de\/krause\/impressum\/","title":{"rendered":"IMPRESSUM"},"content":{"rendered":"<div class=\"row\"> <div class=\"col-md-4  \">\n<h4>MVZ Rage-Holm GmbH<\/h4>\n<p>Medizinisches Versorgungszentrum f\u00fcr Zahnmedizin<\/p>\n<p>Hemdener Weg 4<br \/>\n46399 Bocholt<\/p>\n<p>Fon: +49 28 71 \/ 23 67 9-0<br \/>\nFax: +49 28 71 \/ 23 67 9-41<\/p>\n<p>Email: <a href=\"mailto:info@rage-holm.de\">info@rage-holm.de<\/a><\/p>\n<h5>Gesch\u00e4ftsf\u00fchrer:<\/h5>\n<p>Anna Rage MSc<br \/>\nGudbjartur Holm MSc<\/p>\n<h5>Handelsregister:<\/h5>\n<p>Amtsgericht Coesfeld<br \/>\nHRB 16042<br \/>\nSitz Bocholt<\/p>\n<\/div><div class=\"col-md-4  \">\n<p>UstIdent Nr.: 307\/5883\/0700<\/p>\n<h5>Zust\u00e4ndige Aufsichtsbeh\u00f6rde:<\/h5>\n<p>Zahn\u00e4rztekammer Westfalen Lippe<\/p>\n<h5>Berufsbezeichnung:<\/h5>\n<p>Zahnarzt (verliehen in Oslo \/ Norwegen, Approbation in Norwegen und Deutschland)<\/p>\n<h5>Berufsrechtliche Regelungen:<\/h5>\n<ul>\n<li>Zahnheilkundegesetz<\/li>\n<li>Berufsordnung<\/li>\n<li>Zulassung f\u00fcr Vertragszahn\u00e4rzte<\/li>\n<\/ul>\n<p>Die Regelungen k\u00f6nnen\u00a0<a href=\"https:\/\/www.zahnaerzte-wl.de\" target=\"_blank\" rel=\"noopener noreferrer\">hier<\/a> heruntergeladen werden.<\/p>\n<h5>Inhaltlich verantwortlich gem\u00e4\u00df \u00a710 Abs. 3 MDStV:<\/h5>\n<p>Gudbjartur Holm MSc<\/p>\n<\/div><div class=\"col-md-4  \">\n<h5>Wichtiger Hinweis zu allen Links auf dieser Homepage:<\/h5>\n<p style=\"text-align: justify;\">Mit Urteil vom 12. Mai 1988 \u2013 312 0 85\/98 \u2013 \u201eHaftung f\u00fcr Links\u201c hat das Landgericht (LG) in Hamburg entschieden, dass man durch die Anbringung eines Links die Inhalte der gelinkten Seite ggf. mit zu verantworten hat. Dies kann \u2013 so das LG \u2013 nur dadurch verhindert werden, indem man sich ausdr\u00fccklich von diesen Inhalten distanziert.<\/p>\n<p style=\"text-align: justify;\">Hiermit distanzieren wir uns ausdr\u00fccklich von allen Inhalten aller gelinkten Seiten auf dieser Homepage. Diese Erkl\u00e4rung gilt f\u00fcr alle auf dieser Homepage angebrachten Links.<\/p>\n<p style=\"text-align: justify;\">Trotz sorgf\u00e4ltiger Kontrolle \u00fcbernehmen wir keine Haftung f\u00fcr die Inhalte externer Links. F\u00fcr den Inhalt der verlinkten Seiten sind ausschlie\u00dflich deren Betreiber verantwortlich.<\/p>\n<\/div><\/div>\n","protected":false},"excerpt":{"rendered":"","protected":false},"author":1,"featured_media":0,"parent":0,"menu_order":0,"comment_status":"open","ping_status":"closed","template":"","meta":[],"_links":{"self":[{"href":"http:\/\/proof-bar.de\/krause\/wp-json\/wp\/v2\/pages\/15"}],"collection":[{"href":"http:\/\/proof-bar.de\/krause\/wp-json\/wp\/v2\/pages"}],"about":[{"href":"http:\/\/proof-bar.de\/krause\/wp-json\/wp\/v2\/types\/page"}],"author":[{"embeddable":true,"href":"http:\/\/proof-bar.de\/krause\/wp-json\/wp\/v2\/users\/1"}],"replies":[{"embeddable":true,"href":"http:\/\/proof-bar.de\/krause\/wp-json\/wp\/v2\/comments?post=15"}],"version-history":[{"count":2,"href":"http:\/\/proof-bar.de\/krause\/wp-json\/wp\/v2\/pages\/15\/revisions"}],"predecessor-version":[{"id":1350,"href":"http:\/\/proof-bar.de\/krause\/wp-json\/wp\/v2\/pages\/15\/revisions\/1350"}],"wp:attachment":[{"href":"http:\/\/proof-bar.de\/krause\/wp-json\/wp\/v2\/media?parent=15"}],"curies":[{"name":"wp","href":"https:\/\/api.w.org\/{rel}","templated":true}]}}